{"id":570,"date":"2025-01-17T16:53:14","date_gmt":"2025-01-17T15:53:14","guid":{"rendered":"https:\/\/www.lahunelle.be\/blog\/?page_id=570"},"modified":"2025-09-11T17:58:03","modified_gmt":"2025-09-11T15:58:03","slug":"baies-de-goji","status":"publish","type":"page","link":"https:\/\/www.lahunelle.be\/blog\/catalogue\/baies-de-goji\/","title":{"rendered":"Baie de goji"},"content":{"rendered":"<h1><span style=\"color: #000000;\"><strong><span style=\"font-size: 24pt;\">Baie de goji<\/span><\/strong><\/span><\/h1>\n<p>Les baies de goji\u00a0(Lycium barbarum) sont vendues en pot de 3L.<\/p>\n<table style=\"border-collapse: collapse; width: 100%;\">\n<tbody>\n<tr>\n<td style=\"width: 50%;\">Pot de 3L<\/td>\n<td style=\"width: 50%;\">15 \u20ac<\/td>\n<\/tr>\n<\/tbody>\n<\/table>\n<h2><span style=\"text-decoration: underline; color: #000000; font-size: 18pt;\"><em><strong>Les vari\u00e9t\u00e9s :\u00a0<\/strong><\/em><\/span><\/h2>\n<h3><strong><span style=\"font-size: 14pt;\"><a href=\"#littlegoji\"><span style=\"color: #93bb60;\">Little Goji<\/span><\/a><\/span><\/strong><\/h3>\n<p><a id=\"littlegoji\"><\/a><strong><span style=\"color: #93bb60; font-size: 14pt;\">Little Goji\u00ae\u00a0<\/span><\/strong><a href=\"https:\/\/www.lahunelle.be\/blog\/wp-content\/uploads\/2025\/01\/Little-goji-rotated.jpg\"><img loading=\"lazy\" decoding=\"async\" class=\"size-thumbnail wp-image-571 alignleft\" src=\"https:\/\/www.lahunelle.be\/blog\/wp-content\/uploads\/2025\/01\/Little-goji-150x150.jpg\" alt=\"\" width=\"150\" height=\"150\" srcset=\"https:\/\/www.lahunelle.be\/blog\/wp-content\/uploads\/2025\/01\/Little-goji-150x150.jpg 150w, https:\/\/www.lahunelle.be\/blog\/wp-content\/uploads\/2025\/01\/Little-goji-300x300.jpg 300w, https:\/\/www.lahunelle.be\/blog\/wp-content\/uploads\/2025\/01\/Little-goji-rotated.jpg 600w\" sizes=\"auto, (max-width: 150px) 100vw, 150px\" \/><\/a><br \/>\n<b>&lsquo;Little Goji&rsquo;\u00ae<\/b>\u00a0atteint \u00e0 peine un m\u00e8tre de haut et n&rsquo;a pratiquement pas d&rsquo;\u00e9pines. Cela en fait une alternative pour les petits jardins et m\u00eame les terrasses.\u00a0Les baies de Goji sont riches en vitamines et sont consid\u00e9r\u00e9es comme un superaliment.\u00a0Les baies du &lsquo;Little Goji&rsquo;\u00ae m\u00fbrissent \u00e0 partir du mois d&rsquo;ao\u00fbt. Ils sont orange intense, ovales et mesurent jusqu&rsquo;\u00e0 2 cm de large.<\/p>\n","protected":false},"excerpt":{"rendered":"<p>Baie de goji Les baies de goji\u00a0(Lycium barbarum) sont vendues en pot de 3L. Pot de 3L 15 \u20ac Les vari\u00e9t\u00e9s :\u00a0 Little Goji Little Goji\u00ae\u00a0 &lsquo;Little Goji&rsquo;\u00ae\u00a0atteint \u00e0 peine un m\u00e8tre de haut et n&rsquo;a pratiquement pas d&rsquo;\u00e9pines. Cela en fait une alternative pour les petits jardins et m\u00eame [&hellip;]<\/p>\n","protected":false},"author":2,"featured_media":0,"parent":64,"menu_order":0,"comment_status":"closed","ping_status":"closed","template":"","meta":{"cybocfi_hide_featured_image":"","footnotes":""},"class_list":["post-570","page","type-page","status-publish","hentry"],"yoast_head":"<!-- This site is optimized with the Yoast SEO plugin v27.5 - https:\/\/yoast.com\/product\/yoast-seo-wordpress\/ -->\n<title>Baie de goji -<\/title>\n<meta name=\"robots\" content=\"index, follow, max-snippet:-1, max-image-preview:large, max-video-preview:-1\" \/>\n<link rel=\"canonical\" href=\"https:\/\/www.lahunelle.be\/blog\/catalogue\/baies-de-goji\/\" \/>\n<meta property=\"og:locale\" content=\"fr_FR\" \/>\n<meta property=\"og:type\" content=\"article\" \/>\n<meta property=\"og:title\" content=\"Baie de goji -\" \/>\n<meta property=\"og:description\" content=\"Baie de goji Les baies de goji\u00a0(Lycium barbarum) sont vendues en pot de 3L. Pot de 3L 15 \u20ac Les vari\u00e9t\u00e9s :\u00a0 Little Goji Little Goji\u00ae\u00a0 &lsquo;Little Goji&rsquo;\u00ae\u00a0atteint \u00e0 peine un m\u00e8tre de haut et n&rsquo;a pratiquement pas d&rsquo;\u00e9pines. Cela en fait une alternative pour les petits jardins et m\u00eame [&hellip;]\" \/>\n<meta property=\"og:url\" content=\"https:\/\/www.lahunelle.be\/blog\/catalogue\/baies-de-goji\/\" \/>\n<meta property=\"article:publisher\" content=\"https:\/\/www.facebook.com\/pepinieresdelahunelle\" \/>\n<meta property=\"article:modified_time\" content=\"2025-09-11T15:58:03+00:00\" \/>\n<meta property=\"og:image\" content=\"https:\/\/www.lahunelle.be\/blog\/wp-content\/uploads\/2025\/01\/Little-goji-rotated.jpg\" \/>\n\t<meta property=\"og:image:width\" content=\"600\" \/>\n\t<meta property=\"og:image:height\" content=\"600\" \/>\n\t<meta property=\"og:image:type\" content=\"image\/jpeg\" \/>\n<meta name=\"twitter:card\" content=\"summary_large_image\" \/>\n<meta name=\"twitter:label1\" content=\"Dur\u00e9e de lecture estim\u00e9e\" \/>\n\t<meta name=\"twitter:data1\" content=\"1 minute\" \/>\n<script type=\"application\/ld+json\" class=\"yoast-schema-graph\">{\"@context\":\"https:\\\/\\\/schema.org\",\"@graph\":[{\"@type\":\"WebPage\",\"@id\":\"https:\\\/\\\/www.lahunelle.be\\\/blog\\\/catalogue\\\/baies-de-goji\\\/\",\"url\":\"https:\\\/\\\/www.lahunelle.be\\\/blog\\\/catalogue\\\/baies-de-goji\\\/\",\"name\":\"Baie de goji -\",\"isPartOf\":{\"@id\":\"https:\\\/\\\/www.lahunelle.be\\\/blog\\\/#website\"},\"primaryImageOfPage\":{\"@id\":\"https:\\\/\\\/www.lahunelle.be\\\/blog\\\/catalogue\\\/baies-de-goji\\\/#primaryimage\"},\"image\":{\"@id\":\"https:\\\/\\\/www.lahunelle.be\\\/blog\\\/catalogue\\\/baies-de-goji\\\/#primaryimage\"},\"thumbnailUrl\":\"https:\\\/\\\/www.lahunelle.be\\\/blog\\\/wp-content\\\/uploads\\\/2025\\\/01\\\/Little-goji-150x150.jpg\",\"datePublished\":\"2025-01-17T15:53:14+00:00\",\"dateModified\":\"2025-09-11T15:58:03+00:00\",\"breadcrumb\":{\"@id\":\"https:\\\/\\\/www.lahunelle.be\\\/blog\\\/catalogue\\\/baies-de-goji\\\/#breadcrumb\"},\"inLanguage\":\"fr-FR\",\"potentialAction\":[{\"@type\":\"ReadAction\",\"target\":[\"https:\\\/\\\/www.lahunelle.be\\\/blog\\\/catalogue\\\/baies-de-goji\\\/\"]}]},{\"@type\":\"ImageObject\",\"inLanguage\":\"fr-FR\",\"@id\":\"https:\\\/\\\/www.lahunelle.be\\\/blog\\\/catalogue\\\/baies-de-goji\\\/#primaryimage\",\"url\":\"https:\\\/\\\/www.lahunelle.be\\\/blog\\\/wp-content\\\/uploads\\\/2025\\\/01\\\/Little-goji-rotated.jpg\",\"contentUrl\":\"https:\\\/\\\/www.lahunelle.be\\\/blog\\\/wp-content\\\/uploads\\\/2025\\\/01\\\/Little-goji-rotated.jpg\",\"width\":600,\"height\":600},{\"@type\":\"BreadcrumbList\",\"@id\":\"https:\\\/\\\/www.lahunelle.be\\\/blog\\\/catalogue\\\/baies-de-goji\\\/#breadcrumb\",\"itemListElement\":[{\"@type\":\"ListItem\",\"position\":1,\"name\":\"Accueil\",\"item\":\"https:\\\/\\\/www.lahunelle.be\\\/blog\\\/\"},{\"@type\":\"ListItem\",\"position\":2,\"name\":\"Notre boutique\",\"item\":\"https:\\\/\\\/www.lahunelle.be\\\/blog\\\/catalogue\\\/\"},{\"@type\":\"ListItem\",\"position\":3,\"name\":\"Baie de goji\"}]},{\"@type\":\"WebSite\",\"@id\":\"https:\\\/\\\/www.lahunelle.be\\\/blog\\\/#website\",\"url\":\"https:\\\/\\\/www.lahunelle.be\\\/blog\\\/\",\"name\":\"P\u00e9pini\u00e8res de la Hunelle\",\"description\":\"\",\"publisher\":{\"@id\":\"https:\\\/\\\/www.lahunelle.be\\\/blog\\\/#organization\"},\"potentialAction\":[{\"@type\":\"SearchAction\",\"target\":{\"@type\":\"EntryPoint\",\"urlTemplate\":\"https:\\\/\\\/www.lahunelle.be\\\/blog\\\/?s={search_term_string}\"},\"query-input\":{\"@type\":\"PropertyValueSpecification\",\"valueRequired\":true,\"valueName\":\"search_term_string\"}}],\"inLanguage\":\"fr-FR\"},{\"@type\":\"Organization\",\"@id\":\"https:\\\/\\\/www.lahunelle.be\\\/blog\\\/#organization\",\"name\":\"P\u00e9pini\u00e8res de la Hunelle\",\"url\":\"https:\\\/\\\/www.lahunelle.be\\\/blog\\\/\",\"logo\":{\"@type\":\"ImageObject\",\"inLanguage\":\"fr-FR\",\"@id\":\"https:\\\/\\\/www.lahunelle.be\\\/blog\\\/#\\\/schema\\\/logo\\\/image\\\/\",\"url\":\"https:\\\/\\\/www.lahunelle.be\\\/blog\\\/wp-content\\\/uploads\\\/2025\\\/07\\\/cropped-301136954_474459848024201_7287258234809584263_n.jpg\",\"contentUrl\":\"https:\\\/\\\/www.lahunelle.be\\\/blog\\\/wp-content\\\/uploads\\\/2025\\\/07\\\/cropped-301136954_474459848024201_7287258234809584263_n.jpg\",\"width\":617,\"height\":621,\"caption\":\"P\u00e9pini\u00e8res de la Hunelle\"},\"image\":{\"@id\":\"https:\\\/\\\/www.lahunelle.be\\\/blog\\\/#\\\/schema\\\/logo\\\/image\\\/\"},\"sameAs\":[\"https:\\\/\\\/www.facebook.com\\\/pepinieresdelahunelle\",\"https:\\\/\\\/www.instagram.com\\\/pepinieresdelahunelle\\\/\"]}]}<\/script>\n<!-- \/ Yoast SEO plugin. -->","yoast_head_json":{"title":"Baie de goji -","robots":{"index":"index","follow":"follow","max-snippet":"max-snippet:-1","max-image-preview":"max-image-preview:large","max-video-preview":"max-video-preview:-1"},"canonical":"https:\/\/www.lahunelle.be\/blog\/catalogue\/baies-de-goji\/","og_locale":"fr_FR","og_type":"article","og_title":"Baie de goji -","og_description":"Baie de goji Les baies de goji\u00a0(Lycium barbarum) sont vendues en pot de 3L. Pot de 3L 15 \u20ac Les vari\u00e9t\u00e9s :\u00a0 Little Goji Little Goji\u00ae\u00a0 &lsquo;Little Goji&rsquo;\u00ae\u00a0atteint \u00e0 peine un m\u00e8tre de haut et n&rsquo;a pratiquement pas d&rsquo;\u00e9pines. Cela en fait une alternative pour les petits jardins et m\u00eame [&hellip;]","og_url":"https:\/\/www.lahunelle.be\/blog\/catalogue\/baies-de-goji\/","article_publisher":"https:\/\/www.facebook.com\/pepinieresdelahunelle","article_modified_time":"2025-09-11T15:58:03+00:00","og_image":[{"width":600,"height":600,"url":"https:\/\/www.lahunelle.be\/blog\/wp-content\/uploads\/2025\/01\/Little-goji-rotated.jpg","type":"image\/jpeg"}],"twitter_card":"summary_large_image","twitter_misc":{"Dur\u00e9e de lecture estim\u00e9e":"1 minute"},"schema":{"@context":"https:\/\/schema.org","@graph":[{"@type":"WebPage","@id":"https:\/\/www.lahunelle.be\/blog\/catalogue\/baies-de-goji\/","url":"https:\/\/www.lahunelle.be\/blog\/catalogue\/baies-de-goji\/","name":"Baie de goji -","isPartOf":{"@id":"https:\/\/www.lahunelle.be\/blog\/#website"},"primaryImageOfPage":{"@id":"https:\/\/www.lahunelle.be\/blog\/catalogue\/baies-de-goji\/#primaryimage"},"image":{"@id":"https:\/\/www.lahunelle.be\/blog\/catalogue\/baies-de-goji\/#primaryimage"},"thumbnailUrl":"https:\/\/www.lahunelle.be\/blog\/wp-content\/uploads\/2025\/01\/Little-goji-150x150.jpg","datePublished":"2025-01-17T15:53:14+00:00","dateModified":"2025-09-11T15:58:03+00:00","breadcrumb":{"@id":"https:\/\/www.lahunelle.be\/blog\/catalogue\/baies-de-goji\/#breadcrumb"},"inLanguage":"fr-FR","potentialAction":[{"@type":"ReadAction","target":["https:\/\/www.lahunelle.be\/blog\/catalogue\/baies-de-goji\/"]}]},{"@type":"ImageObject","inLanguage":"fr-FR","@id":"https:\/\/www.lahunelle.be\/blog\/catalogue\/baies-de-goji\/#primaryimage","url":"https:\/\/www.lahunelle.be\/blog\/wp-content\/uploads\/2025\/01\/Little-goji-rotated.jpg","contentUrl":"https:\/\/www.lahunelle.be\/blog\/wp-content\/uploads\/2025\/01\/Little-goji-rotated.jpg","width":600,"height":600},{"@type":"BreadcrumbList","@id":"https:\/\/www.lahunelle.be\/blog\/catalogue\/baies-de-goji\/#breadcrumb","itemListElement":[{"@type":"ListItem","position":1,"name":"Accueil","item":"https:\/\/www.lahunelle.be\/blog\/"},{"@type":"ListItem","position":2,"name":"Notre boutique","item":"https:\/\/www.lahunelle.be\/blog\/catalogue\/"},{"@type":"ListItem","position":3,"name":"Baie de goji"}]},{"@type":"WebSite","@id":"https:\/\/www.lahunelle.be\/blog\/#website","url":"https:\/\/www.lahunelle.be\/blog\/","name":"P\u00e9pini\u00e8res de la Hunelle","description":"","publisher":{"@id":"https:\/\/www.lahunelle.be\/blog\/#organization"},"potentialAction":[{"@type":"SearchAction","target":{"@type":"EntryPoint","urlTemplate":"https:\/\/www.lahunelle.be\/blog\/?s={search_term_string}"},"query-input":{"@type":"PropertyValueSpecification","valueRequired":true,"valueName":"search_term_string"}}],"inLanguage":"fr-FR"},{"@type":"Organization","@id":"https:\/\/www.lahunelle.be\/blog\/#organization","name":"P\u00e9pini\u00e8res de la Hunelle","url":"https:\/\/www.lahunelle.be\/blog\/","logo":{"@type":"ImageObject","inLanguage":"fr-FR","@id":"https:\/\/www.lahunelle.be\/blog\/#\/schema\/logo\/image\/","url":"https:\/\/www.lahunelle.be\/blog\/wp-content\/uploads\/2025\/07\/cropped-301136954_474459848024201_7287258234809584263_n.jpg","contentUrl":"https:\/\/www.lahunelle.be\/blog\/wp-content\/uploads\/2025\/07\/cropped-301136954_474459848024201_7287258234809584263_n.jpg","width":617,"height":621,"caption":"P\u00e9pini\u00e8res de la Hunelle"},"image":{"@id":"https:\/\/www.lahunelle.be\/blog\/#\/schema\/logo\/image\/"},"sameAs":["https:\/\/www.facebook.com\/pepinieresdelahunelle","https:\/\/www.instagram.com\/pepinieresdelahunelle\/"]}]}},"_links":{"self":[{"href":"https:\/\/www.lahunelle.be\/blog\/wp-json\/wp\/v2\/pages\/570","targetHints":{"allow":["GET"]}}],"collection":[{"href":"https:\/\/www.lahunelle.be\/blog\/wp-json\/wp\/v2\/pages"}],"about":[{"href":"https:\/\/www.lahunelle.be\/blog\/wp-json\/wp\/v2\/types\/page"}],"author":[{"embeddable":true,"href":"https:\/\/www.lahunelle.be\/blog\/wp-json\/wp\/v2\/users\/2"}],"replies":[{"embeddable":true,"href":"https:\/\/www.lahunelle.be\/blog\/wp-json\/wp\/v2\/comments?post=570"}],"version-history":[{"count":7,"href":"https:\/\/www.lahunelle.be\/blog\/wp-json\/wp\/v2\/pages\/570\/revisions"}],"predecessor-version":[{"id":1384,"href":"https:\/\/www.lahunelle.be\/blog\/wp-json\/wp\/v2\/pages\/570\/revisions\/1384"}],"up":[{"embeddable":true,"href":"https:\/\/www.lahunelle.be\/blog\/wp-json\/wp\/v2\/pages\/64"}],"wp:attachment":[{"href":"https:\/\/www.lahunelle.be\/blog\/wp-json\/wp\/v2\/media?parent=570"}],"curies":[{"name":"wp","href":"https:\/\/api.w.org\/{rel}","templated":true}]}}